visor of f and b.
8
Let o(h) = h**3 + 2*h**2 - h + 1. Let s be o(-2). Let x = 8 + -13. Let f be 29 + x + 1 + -1. Calculate the highest common factor of f and s.
3
Let w = -27 - -34. What is the greatest common divisor of 21 and w?
7
Let q(f) = f**3 - 8*f**2 + 7*f + 2. Let i be q(6). Let z = 40 + i. What is the highest common divisor of z and 72?
12
Let t(d) = 39*d + 1. Let l be t(1). Calculate the greatest common divisor of l and 180.
20
Suppose -c + 0*c + 3 = 0. Let x be 182/c + 2/(-3). Let j(z) = 5*z**2 + 2*z - 1. Let u be j(-2). What is the highest common factor of u and x?
15
Let a(d) = d**3 - d**2 - 11*d + 12. Let i be a(4). Suppose -r - 2*r = 0. Let f be (4 - r/2)*6. What is the greatest common factor of f and i?
8
Suppose -8 = -7*q + 3*q. Suppose -2*h + 12 = -y + 3*h, -q*y - 9 = 5*h. Let s = 5 - y. What is the highest common divisor of 6 and s?
6
Suppose 2*f + 2*y = 33 + 25, -2*f = 3*y - 57. Calculate the highest common divisor of 6 and f.
6
Let y(l) = 16*l + 3. Let c be y(7). Let g = 241 - c. Let d = -77 + g. What is the greatest common factor of 7 and d?
7
Let b be (-3)/(-6)*-4 - -23. Let f(j) = -2*j - 1. Suppose 2*w = -2*w - 16. Let v be f(w). What is the highest common divisor of v and b?
7
Suppose 5*h - 3*h = b - 3, -5*b + 15 = -2*h. Let v be 0 + (29 - (-1 - -3)). Calculate the highest common factor of v and b.
3
Let q = -9 - -5. Let f be (q/2)/((-4)/10). Suppose -3*l + 0*l = -2*j + 2, -19 = -f*j + 4*l. What is the highest common divisor of j and 21?
7
Let n(i) = -11*i - 4. Suppose 2*l = -3 + 1, 2*c = -l + 7. Let q be n(c). Let j be q/(-5) + (-6)/(-15). What is the highest common divisor of 30 and j?
10
Let m = -7 - -11. Calculate the greatest common factor of m and 2.
2
Suppose -5*m = -5*u - 85, 5*m - 2*m - 47 = u. Calculate the highest common divisor of m and 165.
15
Suppose 0 = -2*n - 4*i + 18, -i + 6*i - 15 = 0. Let a(h) = -n + 8 + 3 + h. Let b be a(-4). What is the highest common divisor of 2 and b?
2
Suppose 4*m + c = -m + 66, m - 5*c - 34 = 0. Let v = 11 + -7. Suppose v*g = -0*j - j + 229, -5*j = 5*g - 305. What is the greatest common divisor of g and m?
14
Let d be ((-64)/(-20))/((-1)/15). Let j = -7 - d. Let n = j + -25. Calculate the greatest common factor of n and 4.
4
Suppose 3*v - 3 = 2*k + 4*v, 0 = 3*k + 2*v + 7. What is the highest common factor of 4 and k?
1
Let u(b) = -b + 2. Let k be u(-8). Suppose -3*y = -2*g + 8, y + k = 2*g - 3*y. What is the greatest common divisor of g and 7?
1
Let p(w) = -w**2 + 21*w - 26. Let m be p(19). Calculate the greatest common divisor of m and 4.
4
Let l be 1 + -6 + 5 - (-64 + 1). What is the highest common factor of 3 and l?
3
Suppose 3*m - 2*m = 16. Let v be 4/(-18) + (-190)/(-45). Suppose -3*x + f - 6*f = -130, -4*f - 152 = -v*x. What is the highest common factor of x and m?
8
Suppose 15*r = 11*r + 300. Calculate the highest common factor of r and 30.
15
Let v = 29 + 5. Suppose -5*o = -0*o + 3*w + 1260, -o = w + 250. Let n be 2*o/6*-1. Calculate the highest common divisor of n and v.
17
Suppose 2*m + 2*k = 38 + 30, 5*k = -5. Suppose 2 = -h + 9. Calculate the greatest common divisor of h and m.
7
Suppose 0 = -4*y + 5*x + 32, -x + 28 = 4*y - 4. What is the greatest common factor of y and 1?
1
Suppose -3*q = 2*c - 266 - 386, -4*c = 16. Calculate the greatest common divisor of 20 and q.
20
Let s be (-26)/(12/(-5) - -2). Let a = 198 - s. What is the highest common factor of a and 19?
19
Let k be 54/(3 + -1) - 2. Calculate the greatest common factor of 175 and k.
25
Let w be 36 - (-1 + 0 + 2). Suppose -3*u + 0 = -33. Let y = 3 + u. What is the highest common factor of w and y?
7
Let d = -5 - -8. Let k be (19 - 1)/(d/2). Suppose 4*s - 12 = -2*i, 0*s + i = -5*s + 15. What is the highest common divisor of s and k?
3
Suppose 4*c - 25 - 23 = 3*t, 5*c = 4*t + 60. What is the highest common divisor of c and 4?
4
Let n = 7 - 7. Suppose -b - j = 2*b - 268, b - 4*j - 98 = n. What is the greatest common factor of 15 and b?
15
Let p be 14 + -13 + (-3)/(-1). Let o(f) = f**3 + 6*f**2 - f - 2. Let h be o(-5). Calculate the greatest common divisor of h and p.
4
Let u be (30/25)/(1/20). Let o be (0 + (-9)/2)*-16. Calculate the highest common divisor of o and u.
24
Let d be -3 - ((1 - 3) + -6). Suppose 2*z + 2*q = 8, -d*z + q = -2*q - 20. Calculate the highest common factor of z and 16.
4
Let d = -93 + 247. Calculate the highest common divisor of 22 and d.
22
Let o be (-3 - -5) + 9 + 1. Calculate the highest common divisor of o and 3.
3
Suppose 0 = h - t, -h + 4*t = 4*h + 5. Let o = 22 - h. Let f = o - 15. What is the greatest common divisor of 48 and f?
12
Let s be 550/15 - 2/3. Suppose 0 = -3*u + 5*u - s. Calculate the greatest common divisor of 198 and u.
18
Suppose 4*i - 15 = 9. Suppose 3*k - 3 = -i, -5*x + 42 = 3*k. Suppose -18 = 2*t - 4*t. What is the highest common divisor of x and t?
9
Suppose 0 = 4*b + 27 - 7, -4*g = -3*b - 19. Suppose 2*d - 14 = -0*d. Calculate the highest common factor of g and d.
1
Suppose 5*m - 56 = -6. Calculate the highest common divisor of m and 2.
2
Let h(n) = n**2 - 5*n + 14. Let l be h(10). Suppose 2*y = -2*y + l. Calculate the greatest common factor of y and 40.
8
Let w(j) = 9*j + 3. Let v be w(13). Suppose 0 = k - 6*k + v. Calculate the greatest common divisor of 8 and k.
8
Let t(o) = o**3 + 12*o**2 - o - 8. Let a be t(-12). Suppose -5*n = 2*u - 180, -a*n + 254 = 2*u + 74. Calculate the highest common divisor of 36 and u.
18
Suppose 5*g - 15 = 2*g. Suppose -g = -2*b - 1. Let j(v) = 19*v**2 - 2*v - 1. Let o be j(-1). What is the greatest common divisor of o and b?
2
Let h(k) = k**2 - 18*k + 17. Let l be h(17). Suppose -4*z + z = 3, l = c + 2*z - 11. What is the greatest common factor of c and 91?
13
Let s(h) = -h**2 - 17*h - 6. Let z(o) = -4*o**2 - 7*o - 1. Let n be z(-3). Let a be s(n). What is the greatest common divisor of 10 and a?
10
Let j = -9 - -21. Let i be (-1)/5 - 102/(-10). Let h be i*33*(-4)/(-10). What is the highest common divisor of j and h?
12
Let t = -16 + 19. Calculate the highest common factor of 1 and t.
1
Suppose -4*d + 8 = 0, 4*d + 8 = -0*f + 4*f. Suppose -4*o + m = -f*m - 305, 0 = -3*o + 5*m + 225. Calculate the highest common factor of o and 10.
10
Let w(b) = -b**2 + 5. Let u be w(-6). Let h = u - -46. Calculate the greatest common divisor of 105 and h.
15
Let p be 4/6 - (-56)/24. Suppose p*j - 4 = -j. Let f be (-930)/(-12) + j/(-2). Calculate the greatest common factor of f and 11.
11
Suppose 5*f + p = 47, -2*p = -3*f - 6*p + 35. Let l = 9 + f. What is the highest common divisor of 144 and l?
18
Suppose o = -33 + 73. Calculate the greatest common divisor of o and 60.
20
Let i be 48/18*(116 + -2). Calculate the highest common divisor of i and 38.
38
Suppose -250 = o + 4*o. Let l = -25 - o. Calculate the greatest common factor of l and 5.
5
Suppose -2*l + 6 - 2 = a, a + 8 = 4*l. Suppose -q + 5*q + 43 = m, -5*m + 3*q + 198 = a. Calculate the greatest common factor of m and 26.
13
Suppose 5*f - 4*f = 12. Calculate the greatest common factor of 24 and f.
12
Suppose 1 + 37 = -4*h - 3*v, 2*v - 4 = 0. Let p(j) = -3*j + 7. Let q be p(h). What is the greatest common factor of q and 10?
10
Suppose -w + 294 = 2*w - 3*a, 2*w + 2*a = 204. Let r = w - 52. Calculate the highest common factor of r and 12.
12
Suppose 5*w + 15 = -4*s, 6*w - 4*w + 2*s + 6 = 0. Let o(k) = k**2 + 2*k - 2 - k - 3*k. Let i be o(w). What is the highest common factor of 39 and i?
13
Suppose -2*x - 4*t + 8 = -5*t, 2*t = -8. Suppose 13 = -i + x*i. Suppose 0 = j + 4*w + 11, -4*j - i = -3*w - 45. What is the greatest common factor of 35 and j?
5
Let n = -40 - -58. Let y(d) = d**3 - 6*d**2 - 3*d + 4. Let x be y(8). Calculate the greatest common factor of n and x.
18
Suppose 0 = -3*a + 6*a - 45. Let q be 40/a*(4 - 1). Suppose r - 4*k - 33 = -13, -3*r + 110 = -2*k. Calculate the greatest common divisor of r and q.
8
Suppose -45 = -5*g + 5*d, 5*g + 2*d = 2*g + 27. Suppose -1 = 3*r + 4*z, 4*r - 5*z - g = -0*z. Calculate the greatest common divisor of r and 3.
1
Let q = 4 - -1. Calculate the greatest common divisor of q and 15.
5
Suppose 0 = -c - 0*c + 4*s + 8, 13 = 2*c - 5*s. Let f(w) = w**2 - 4. Let q be f(-4). What is the greatest common divisor of c and q?
4
Let z be (4/3)/((-2)/(-6)). 